ctor of m and k.
21
Let d be (184/(-18))/((-84)/1134). What is the highest common factor of 11730 and d?
138
Let s = -82 - -78. Let x(h) = -8*h**2 - 32*h + 4. Let w be x(s). Suppose 0 = 2*u + 2*u - 368. What is the greatest common divisor of w and u?
4
Let s = 43 - 45. Let r(m) = -4*m + 27. Let k be r(6). Let z be (k + s)*-18*8/(-6). What is the highest common factor of z and 96?
24
Suppose -4*k - 6 = -3*d + 12, 4*k + 16 = 2*d. Calculate the highest common divisor of d and 57.
1
Suppose 6*p - 4295 = 403. Let q be (p/45)/((-6)/(-30)). Calculate the greatest common factor of 203 and q.
29
Let b = 17 - -58. Let s be 164 - 1764/(-12 + -37). What is the greatest common factor of b and s?
25
Let a(p) = -2*p + 38. Let v(u) = -3*u + 76. Let d(b) = -5*a(b) + 2*v(b). Let f be d(10). What is the highest common divisor of 128 and f?
2
Let y be 2/12 + 651/(-126). Let t = 15 + y. What is the greatest common factor of t and 10?
10
Let h(l) = 311*l**2 - l + 10. Let q be h(3). Suppose 15*i = -31*i + q. Calculate the greatest common factor of i and 1159.
61
Let x(u) = -u**3 + 7*u**2 - u - 28. Let s be x(6). Suppose -z - 198 = -23*z. What is the highest common factor of z and s?
1
Let q(d) = 2*d**3 - 27*d**2 - 10*d - 27. Let k be q(14). Suppose -7*j + 324 = k*j. What is the highest common divisor of 6 and j?
3
Let z = -42 + 42. Suppose 0*k - 724 = -5*k - r, 4*k + 4*r - 592 = z. Calculate the greatest common factor of k and 9.
9
Suppose 9*f - 159 = 174. Suppose -41*j + f*j = -16. Calculate the highest common divisor of 8 and j.
4
Let s(d) = -d**3 - d**2 + 45*d + 1. Let x be s(5). Suppose -c + 5 = h, 3*c + 5*h - 5 = 4. Calculate the greatest common factor of c and x.
4
Let d = 116 - 61. Suppose -2*j - 40 = -5*g, -j + 4*j = -4*g - 14. Let q(b) = -b - 5. Let v be q(j). What is the highest common factor of d and v?
5
Let i = -21 + 49. Let l(m) = 6*m - 100. Let d be l(i). What is the highest common factor of d and 4?
4
Suppose -j - 144 = -d, -j = -5*d - 4*j + 696. What is the highest common divisor of d and 21?
3
Let i be (-27)/(-5) - (-12)/(-30). Suppose -2*v - x = -176, i*x - 47 = -3*v + 231. What is the greatest common divisor of v and 2?
2
Let x(l) = -40*l - 245. Let w be x(-8). What is the greatest common factor of 3015 and w?
15
Suppose -11*t + 2546 + 8319 = -j, -4*j = 4*t - 3964. Calculate the highest common factor of 2080 and t.
52
Let o(u) = 2*u**3 - 21*u**2 + 68*u + 11. Let h be o(9). Calculate the highest common factor of h and 260.
20
Let i(l) = -455*l + 2746. Let p be i(6). Calculate the greatest common factor of p and 316.
4
Suppose -8*n = -392 + 360. Calculate the greatest common divisor of n and 1608.
4
Suppose 4*d + 2*m + 0 = -22, -m - 27 = 4*d. Let x be 1/(-2) - 116/d. Let o be 20/140 - (-40)/x. Calculate the greatest common divisor of o and 9.
3
Let b be (4 - -173)*1*(-9)/(162/(-3750)). What is the greatest common divisor of b and 25?
25
Suppose 6*j = 9*j + 30. Let r be j*(-4)/10 + -4. Suppose 11*f - 10*f - 32 = r. Calculate the greatest common divisor of 4 and f.
4
Let r(c) = c**3 + 46*c**2 - 2*c - 165. Let w be r(-45). What is the greatest common factor of w and 120?
30
Let h = 1544 - 1517. Calculate the greatest common divisor of 963 and h.
9
Let c(n) = 985*n + 3034. Let p be c(0). What is the highest common divisor of p and 902?
82
Suppose 2*a + 54 = 4*w - 276, 3*w = 2*a + 248. What is the highest common divisor of 2214 and w?
82
Suppose 2*r + 8 = 0, -88 - 1635 = -5*h + 2*r. What is the highest common factor of h and 21?
7
Let u = 34 - 37. Let h be (u/6)/((-3)/318). Let o = 61 - h. What is the highest common factor of o and 12?
4
Let n(t) = t**2 - 7*t - 12. Let s be n(-6). Let u = 75 + -38. Suppose -61 + u = -4*o. What is the greatest common factor of s and o?
6
Let p = -2206 - -2724. Calculate the greatest common divisor of 126 and p.
14
Let w(j) = j**3 - j**2 + 3*j + 56. Let q(s) = s**3 + 2*s + 2. Let y(d) = 4*q(d) - w(d). Let n be y(6). What is the greatest common divisor of 18 and n?
18
Suppose -4*m + 228 = -y, 4*y - 121 - 143 = -5*m. Suppose -194*a + 192*a = -m. What is the greatest common divisor of 2 and a?
2
Let m = 3967 + -3450. Calculate the greatest common divisor of 611 and m.
47
Suppose 0*a + 5 = h + a, 4*a - 22 = -5*h. Suppose -2 = h*p - 10. Suppose 0 = -p*w + 9*w - 230. What is the greatest common divisor of 115 and w?
23
Suppose 2*n + 46*n + 3861 = 165*n. What is the highest common factor of 21241 and n?
11
Suppose -35*u + 5398 + 1917 = 0. Calculate the greatest common divisor of 152 and u.
19
Let f(k) = -51*k + 1257. Let i be f(23). What is the greatest common factor of i and 12?
12
Let u = -273 + 276. Suppose -2*y + 190 = u*r, 4*y + 0*y = 5*r - 302. What is the highest common factor of r and 806?
62
Let g(l) = l**3 + 14*l**2 + 78. Let i be g(-14). Let b(c) = -2*c**3 - 26*c**2 + 16*c + 46. Let r be b(-16). What is the greatest common factor of r and i?
78
Let h = -33 + 47. Suppose -470 = 12*b + 82. Let v = 60 + b. What is the greatest common factor of v and h?
14
Suppose -5*j + 38*w - 36*w + 99 = 0, 47 = 4*j + 3*w. What is the highest common divisor of j and 16?
1
Let q = -35 - -36. Let y = q - 17. Let f(d) = -7*d - 2. Let t be f(y). Calculate the greatest common divisor of 10 and t.
10
Let z(r) = 64*r**2 - 121*r - 912. Let h be z(-7). What is the greatest common factor of 37 and h?
37
Let a(v) = 2*v**2 - 65*v + 455. Let f be a(23). Calculate the greatest common factor of f and 18.
18
Suppose -17784*v + 193500 = -17754*v. What is the highest common factor of 225 and v?
75
Let z be 708/(-39)*(-741)/114. Calculate the highest common divisor of 295 and z.
59
Let m = 25 + 16. Suppose -3*k - 5*r = -m, 3*k - 4*k + 10 = -2*r. Calculate the greatest common divisor of k and 4.
4
Suppose 4*x - 3*d + 9694 - 36917 = 0, 13644 = 2*x - 8*d. Calculate the highest common factor of x and 57.
19
Suppose 2283 + 1446 = 18*v - 303. Calculate the highest common factor of v and 8288.
224
Let s = -6 + 11. Let x = 65410 + -65180. Calculate the greatest common divisor of s and x.
5
Suppose 61*o - 18*o + 7482 = 0. Let g be (290/o)/(5/(-279)). Calculate the highest common divisor of 217 and g.
31
Suppose 155*a - 176*a + 798 = 0. Calculate the greatest common divisor of 1140 and a.
38
Suppose -4*i + 5*b = i - 540, 4*b = -i + 108. Suppose -3*p - i = -2*u, -u - 5*p + 20 = -34. Let t = u - 26. What is the highest common divisor of 42 and t?
14
Let z be 60/(-75) + (18/(-15) - 0). Let i(n) = -10*n + 10. Let l be i(z). Calculate the greatest common factor of l and 45.
15
Let c(f) = -4*f**3 - 147*f**2 + 77*f + 1510. Let g be c(-37). What is the highest common divisor of g and 1735?
5
Let d be -2*-6*4/6. Suppose 5*b = -5*p - 5, 4*p = -3*b - p - 9. Suppose -4*f = -5*z - 26, -z = -b*f + z + 12. Calculate the greatest common divisor of d and f.
4
Suppose -3*r + 34 = -26. Let a be (-30)/r*40/2. Let z = 42 + a. What is the highest common factor of 6 and z?
6
Suppose -160 = 25*j - 45*j. Suppose 11849 - 1105 = j*r. Calculate the highest common divisor of 17 and r.
17
Let r(w) = 6*w + 76. Suppose -59*y - 208 - 28 = 0. Let p be r(y). Calculate the greatest common divisor of p and 143.
13
Suppose 0 = 3*q + 12, 5*z + 2*q - 6681 = -889. Let t be (z/(-812))/((-15)/14 - -1). What is the greatest common factor of t and 860?
20
Let u be -9 + 7 + -1*(-2 - 0). Suppose -2*l + 644 = 5*k - u*l, k - 4*l = 142. Calculate the highest common factor of k and 26.
26
Let b = 9056 + -7834. Calculate the highest common divisor of b and 282.
94
Let j be (155 - 147)/(4/18). What is the highest common divisor of 1332 and j?
36
Let n(l) = -l + 9. Let a be n(-11). Let h be (8 + -1 + -1)/(3/2). Let z be (h/(-10))/(-1*5/125). What is the greatest common divisor of a and z?
10
Let k(x) = 13*x**3 - 82*x**2 + 79*x. Let c be k(1). Let v(s) = -46*s - 3. Let y be v(-3). Calculate the greatest common divisor of c and y.
5
Let x(j) = -j**2 - 20*j - 20. Let u be x(-14). Suppose m + 5*o - 37 = 0, m = 6*m - 5*o - 245. Let g = 79 - m. Calculate the highest common divisor of u and g.
32
Let p(w) = -7*w**2 + 54*w + 24. Let c be p(8). Calculate the greatest common factor of c and 2776.
8
Let b = 76 + -136. Let y be (15/b)/(2/16*-2). What is the highest common divisor of 13 and y?
1
Suppose 8*v - 44 = -12. Suppos